{"id":201,"date":"2025-06-12T16:01:21","date_gmt":"2025-06-12T16:01:21","guid":{"rendered":"https:\/\/belibertarian.com\/?post_type=product&#038;p=201"},"modified":"2026-03-15T18:46:31","modified_gmt":"2026-03-15T18:46:31","slug":"colgador-cuello","status":"publish","type":"product","link":"https:\/\/belibertarian.com\/?product=colgador-cuello","title":{"rendered":"Colgador cuello"},"content":{"rendered":"<p data-start=\"367\" data-end=\"635\">El <strong data-start=\"370\" data-end=\"407\">Colgador de Cuello Be Libertarian<\/strong> es el complemento ideal para quienes defienden la libertad en cada aspecto de su vida. Este colgante tipo <em data-start=\"514\" data-end=\"523\">lanyard<\/em> combina funcionalidad y mensaje, con un dise\u00f1o audaz que incluye lemas y s\u00edmbolos del pensamiento libertario.<\/p>\n<p data-start=\"637\" data-end=\"827\">Perfecto para portar identificaciones, llaves, credenciales o incluso como distintivo en eventos, este colgador refleja tus valores de individualismo, soberan\u00eda y responsabilidad personal.<\/p>\n<p data-start=\"829\" data-end=\"1116\"><strong data-start=\"829\" data-end=\"860\">Caracter\u00edsticas destacadas:<\/strong><br data-start=\"860\" data-end=\"863\" \/>\u2705 Dise\u00f1o exclusivo con mensajes pro-libertad<br data-start=\"907\" data-end=\"910\" \/>\u2705 Fabricado en poli\u00e9ster resistente de alta calidad<br data-start=\"961\" data-end=\"964\" \/>\u2705 Cierre de seguridad para mayor comodidad<br data-start=\"1006\" data-end=\"1009\" \/>\u2705 Ideal para eventos, trabajo, universidad o uso diario<br data-start=\"1064\" data-end=\"1067\" \/>\u2705 Representa tus ideales libertarios con estilo<\/p>\n<p data-start=\"1118\" data-end=\"1263\">Muestra con orgullo tu filosof\u00eda de vida en todo lugar con este colgador \u00fanico que va m\u00e1s all\u00e1 de lo funcional: es una declaraci\u00f3n de principios.<\/p>\n<p data-start=\"1118\" data-end=\"1263\">\n","protected":false},"excerpt":{"rendered":"<p>Colgador de cuello con dise\u00f1o libertario. Ideal para portar credenciales, llaves o identificaciones. Resistente, c\u00f3modo y con mensaje pro-libertad.<\/p>\n","protected":false},"featured_media":350,"comment_status":"open","ping_status":"closed","template":"","meta":{"_joinchat":[]},"product_brand":[],"product_cat":[16],"product_tag":[],"class_list":{"0":"post-201","1":"product","2":"type-product","3":"status-publish","4":"has-post-thumbnail","6":"product_cat-uncategorized","8":"first","9":"instock","10":"sale","11":"taxable","12":"shipping-taxable","13":"purchasable","14":"product-type-simple"},"yoast_head":"<!-- This site is optimized with the Yoast SEO plugin v24.5 - https:\/\/yoast.com\/wordpress\/plugins\/seo\/ -->\n<title>Colgador cuello - BeLibertarian<\/title>\n<meta name=\"description\" content=\"Colgador de cuello libertario con dise\u00f1o exclusivo. Ideal para eventos o uso diario. Lleva tus llaves e ideales con estilo y firmeza.\" \/>\n<meta name=\"robots\" content=\"index, follow, max-snippet:-1, max-image-preview:large, max-video-preview:-1\" \/>\n<link rel=\"canonical\" href=\"https:\/\/belibertarian.com\/?product=colgador-cuello\" \/>\n<meta property=\"og:locale\" content=\"es_ES\" \/>\n<meta property=\"og:type\" content=\"article\" \/>\n<meta property=\"og:title\" content=\"Colgador cuello - BeLibertarian\" \/>\n<meta property=\"og:description\" content=\"Colgador de cuello libertario con dise\u00f1o exclusivo. Ideal para eventos o uso diario. Lleva tus llaves e ideales con estilo y firmeza.\" \/>\n<meta property=\"og:url\" content=\"https:\/\/belibertarian.com\/?product=colgador-cuello\" \/>\n<meta property=\"og:site_name\" content=\"BeLibertarian\" \/>\n<meta property=\"article:modified_time\" content=\"2026-03-15T18:46:31+00:00\" \/>\n<meta property=\"og:image\" content=\"https:\/\/belibertarian.com\/wp-content\/uploads\/2025\/06\/ChatGPT-Image-15-mar-2026-19_44_26.png\" \/>\n\t<meta property=\"og:image:width\" content=\"1024\" \/>\n\t<meta property=\"og:image:height\" content=\"1024\" \/>\n\t<meta property=\"og:image:type\" content=\"image\/png\" \/>\n<meta name=\"twitter:card\" content=\"summary_large_image\" \/>\n<meta name=\"twitter:label1\" content=\"Tiempo de lectura\" \/>\n\t<meta name=\"twitter:data1\" content=\"1 minuto\" \/>\n<script type=\"application\/ld+json\" class=\"yoast-schema-graph\">{\"@context\":\"https:\/\/schema.org\",\"@graph\":[{\"@type\":\"WebPage\",\"@id\":\"https:\/\/belibertarian.com\/?product=colgador-cuello\",\"url\":\"https:\/\/belibertarian.com\/?product=colgador-cuello\",\"name\":\"Colgador cuello - BeLibertarian\",\"isPartOf\":{\"@id\":\"https:\/\/belibertarian.com\/#website\"},\"primaryImageOfPage\":{\"@id\":\"https:\/\/belibertarian.com\/?product=colgador-cuello#primaryimage\"},\"image\":{\"@id\":\"https:\/\/belibertarian.com\/?product=colgador-cuello#primaryimage\"},\"thumbnailUrl\":\"https:\/\/belibertarian.com\/wp-content\/uploads\/2025\/06\/ChatGPT-Image-15-mar-2026-19_44_26.png\",\"datePublished\":\"2025-06-12T16:01:21+00:00\",\"dateModified\":\"2026-03-15T18:46:31+00:00\",\"description\":\"Colgador de cuello libertario con dise\u00f1o exclusivo. Ideal para eventos o uso diario. Lleva tus llaves e ideales con estilo y firmeza.\",\"breadcrumb\":{\"@id\":\"https:\/\/belibertarian.com\/?product=colgador-cuello#breadcrumb\"},\"inLanguage\":\"es\",\"potentialAction\":[{\"@type\":\"ReadAction\",\"target\":[\"https:\/\/belibertarian.com\/?product=colgador-cuello\"]}]},{\"@type\":\"ImageObject\",\"inLanguage\":\"es\",\"@id\":\"https:\/\/belibertarian.com\/?product=colgador-cuello#primaryimage\",\"url\":\"https:\/\/belibertarian.com\/wp-content\/uploads\/2025\/06\/ChatGPT-Image-15-mar-2026-19_44_26.png\",\"contentUrl\":\"https:\/\/belibertarian.com\/wp-content\/uploads\/2025\/06\/ChatGPT-Image-15-mar-2026-19_44_26.png\",\"width\":1024,\"height\":1024},{\"@type\":\"BreadcrumbList\",\"@id\":\"https:\/\/belibertarian.com\/?product=colgador-cuello#breadcrumb\",\"itemListElement\":[{\"@type\":\"ListItem\",\"position\":1,\"name\":\"Portada\",\"item\":\"https:\/\/belibertarian.com\/\"},{\"@type\":\"ListItem\",\"position\":2,\"name\":\"PRODUCTOS\",\"item\":\"https:\/\/belibertarian.com\/?page_id=58\"},{\"@type\":\"ListItem\",\"position\":3,\"name\":\"Colgador cuello\"}]},{\"@type\":\"WebSite\",\"@id\":\"https:\/\/belibertarian.com\/#website\",\"url\":\"https:\/\/belibertarian.com\/\",\"name\":\"BeLibertarian\",\"description\":\"Tienda Libertaria\",\"publisher\":{\"@id\":\"https:\/\/belibertarian.com\/#organization\"},\"potentialAction\":[{\"@type\":\"SearchAction\",\"target\":{\"@type\":\"EntryPoint\",\"urlTemplate\":\"https:\/\/belibertarian.com\/?s={search_term_string}\"},\"query-input\":{\"@type\":\"PropertyValueSpecification\",\"valueRequired\":true,\"valueName\":\"search_term_string\"}}],\"inLanguage\":\"es\"},{\"@type\":\"Organization\",\"@id\":\"https:\/\/belibertarian.com\/#organization\",\"name\":\"BeLibertarian\",\"url\":\"https:\/\/belibertarian.com\/\",\"logo\":{\"@type\":\"ImageObject\",\"inLanguage\":\"es\",\"@id\":\"https:\/\/belibertarian.com\/#\/schema\/logo\/image\/\",\"url\":\"https:\/\/belibertarian.com\/wp-content\/uploads\/2024\/07\/cropped-belibertarian-1.png\",\"contentUrl\":\"https:\/\/belibertarian.com\/wp-content\/uploads\/2024\/07\/cropped-belibertarian-1.png\",\"width\":1079,\"height\":1402,\"caption\":\"BeLibertarian\"},\"image\":{\"@id\":\"https:\/\/belibertarian.com\/#\/schema\/logo\/image\/\"}}]}<\/script>\n<!-- \/ Yoast SEO plugin. -->","yoast_head_json":{"title":"Colgador cuello - BeLibertarian","description":"Colgador de cuello libertario con dise\u00f1o exclusivo. Ideal para eventos o uso diario. Lleva tus llaves e ideales con estilo y firmeza.","robots":{"index":"index","follow":"follow","max-snippet":"max-snippet:-1","max-image-preview":"max-image-preview:large","max-video-preview":"max-video-preview:-1"},"canonical":"https:\/\/belibertarian.com\/?product=colgador-cuello","og_locale":"es_ES","og_type":"article","og_title":"Colgador cuello - BeLibertarian","og_description":"Colgador de cuello libertario con dise\u00f1o exclusivo. Ideal para eventos o uso diario. Lleva tus llaves e ideales con estilo y firmeza.","og_url":"https:\/\/belibertarian.com\/?product=colgador-cuello","og_site_name":"BeLibertarian","article_modified_time":"2026-03-15T18:46:31+00:00","og_image":[{"width":1024,"height":1024,"url":"https:\/\/belibertarian.com\/wp-content\/uploads\/2025\/06\/ChatGPT-Image-15-mar-2026-19_44_26.png","type":"image\/png"}],"twitter_card":"summary_large_image","twitter_misc":{"Tiempo de lectura":"1 minuto"},"schema":{"@context":"https:\/\/schema.org","@graph":[{"@type":"WebPage","@id":"https:\/\/belibertarian.com\/?product=colgador-cuello","url":"https:\/\/belibertarian.com\/?product=colgador-cuello","name":"Colgador cuello - BeLibertarian","isPartOf":{"@id":"https:\/\/belibertarian.com\/#website"},"primaryImageOfPage":{"@id":"https:\/\/belibertarian.com\/?product=colgador-cuello#primaryimage"},"image":{"@id":"https:\/\/belibertarian.com\/?product=colgador-cuello#primaryimage"},"thumbnailUrl":"https:\/\/belibertarian.com\/wp-content\/uploads\/2025\/06\/ChatGPT-Image-15-mar-2026-19_44_26.png","datePublished":"2025-06-12T16:01:21+00:00","dateModified":"2026-03-15T18:46:31+00:00","description":"Colgador de cuello libertario con dise\u00f1o exclusivo. Ideal para eventos o uso diario. Lleva tus llaves e ideales con estilo y firmeza.","breadcrumb":{"@id":"https:\/\/belibertarian.com\/?product=colgador-cuello#breadcrumb"},"inLanguage":"es","potentialAction":[{"@type":"ReadAction","target":["https:\/\/belibertarian.com\/?product=colgador-cuello"]}]},{"@type":"ImageObject","inLanguage":"es","@id":"https:\/\/belibertarian.com\/?product=colgador-cuello#primaryimage","url":"https:\/\/belibertarian.com\/wp-content\/uploads\/2025\/06\/ChatGPT-Image-15-mar-2026-19_44_26.png","contentUrl":"https:\/\/belibertarian.com\/wp-content\/uploads\/2025\/06\/ChatGPT-Image-15-mar-2026-19_44_26.png","width":1024,"height":1024},{"@type":"BreadcrumbList","@id":"https:\/\/belibertarian.com\/?product=colgador-cuello#breadcrumb","itemListElement":[{"@type":"ListItem","position":1,"name":"Portada","item":"https:\/\/belibertarian.com\/"},{"@type":"ListItem","position":2,"name":"PRODUCTOS","item":"https:\/\/belibertarian.com\/?page_id=58"},{"@type":"ListItem","position":3,"name":"Colgador cuello"}]},{"@type":"WebSite","@id":"https:\/\/belibertarian.com\/#website","url":"https:\/\/belibertarian.com\/","name":"BeLibertarian","description":"Tienda Libertaria","publisher":{"@id":"https:\/\/belibertarian.com\/#organization"},"potentialAction":[{"@type":"SearchAction","target":{"@type":"EntryPoint","urlTemplate":"https:\/\/belibertarian.com\/?s={search_term_string}"},"query-input":{"@type":"PropertyValueSpecification","valueRequired":true,"valueName":"search_term_string"}}],"inLanguage":"es"},{"@type":"Organization","@id":"https:\/\/belibertarian.com\/#organization","name":"BeLibertarian","url":"https:\/\/belibertarian.com\/","logo":{"@type":"ImageObject","inLanguage":"es","@id":"https:\/\/belibertarian.com\/#\/schema\/logo\/image\/","url":"https:\/\/belibertarian.com\/wp-content\/uploads\/2024\/07\/cropped-belibertarian-1.png","contentUrl":"https:\/\/belibertarian.com\/wp-content\/uploads\/2024\/07\/cropped-belibertarian-1.png","width":1079,"height":1402,"caption":"BeLibertarian"},"image":{"@id":"https:\/\/belibertarian.com\/#\/schema\/logo\/image\/"}}]}},"jetpack_sharing_enabled":true,"_links":{"self":[{"href":"https:\/\/belibertarian.com\/index.php?rest_route=\/wp\/v2\/product\/201","targetHints":{"allow":["GET"]}}],"collection":[{"href":"https:\/\/belibertarian.com\/index.php?rest_route=\/wp\/v2\/product"}],"about":[{"href":"https:\/\/belibertarian.com\/index.php?rest_route=\/wp\/v2\/types\/product"}],"replies":[{"embeddable":true,"href":"https:\/\/belibertarian.com\/index.php?rest_route=%2Fwp%2Fv2%2Fcomments&post=201"}],"wp:featuredmedia":[{"embeddable":true,"href":"https:\/\/belibertarian.com\/index.php?rest_route=\/wp\/v2\/media\/350"}],"wp:attachment":[{"href":"https:\/\/belibertarian.com\/index.php?rest_route=%2Fwp%2Fv2%2Fmedia&parent=201"}],"wp:term":[{"taxonomy":"product_brand","embeddable":true,"href":"https:\/\/belibertarian.com\/index.php?rest_route=%2Fwp%2Fv2%2Fproduct_brand&post=201"},{"taxonomy":"product_cat","embeddable":true,"href":"https:\/\/belibertarian.com\/index.php?rest_route=%2Fwp%2Fv2%2Fproduct_cat&post=201"},{"taxonomy":"product_tag","embeddable":true,"href":"https:\/\/belibertarian.com\/index.php?rest_route=%2Fwp%2Fv2%2Fproduct_tag&post=201"}],"curies":[{"name":"wp","href":"https:\/\/api.w.org\/{rel}","templated":true}]}}