{"id":111,"date":"2024-08-24T16:06:14","date_gmt":"2024-08-24T16:06:14","guid":{"rendered":"https:\/\/belibertarian.com\/?post_type=product&#038;p=111"},"modified":"2026-03-15T18:48:54","modified_gmt":"2026-03-15T18:48:54","slug":"bandera-gadsden","status":"publish","type":"product","link":"https:\/\/belibertarian.com\/?product=bandera-gadsden","title":{"rendered":"Bandera Gadsden"},"content":{"rendered":"<p><strong>Descripci\u00f3n del Producto:<\/strong><\/p>\n<p>\u00a1Haz una declaraci\u00f3n poderosa con la ic\u00f3nica <strong>Bandera Gadsden<\/strong>! Con su v\u00edvida serpiente de cascabel amarilla sobre un fondo<\/p>\n<p data-start=\"656\" data-end=\"708\"><strong data-start=\"656\" data-end=\"708\"><span class=\"_fadeIn_m1hgl_8\">Bandera <\/span><span class=\"_fadeIn_m1hgl_8\">Gadsden \u2013 <\/span><span class=\"_fadeIn_m1hgl_8\">S\u00edmbolo <\/span><span class=\"_fadeIn_m1hgl_8\">de <\/span><span class=\"_fadeIn_m1hgl_8\">libertad <\/span><span class=\"_fadeIn_m1hgl_8\">individual<\/span><\/strong><\/p>\n<p data-start=\"710\" data-end=\"1062\"><span class=\"_fadeIn_m1hgl_8\">Haz <\/span><span class=\"_fadeIn_m1hgl_8\">una <\/span><span class=\"_fadeIn_m1hgl_8\">declaraci\u00f3n <\/span><span class=\"_fadeIn_m1hgl_8\">de <\/span><span class=\"_fadeIn_m1hgl_8\">principios <\/span><span class=\"_fadeIn_m1hgl_8\">con <\/span><span class=\"_fadeIn_m1hgl_8\">la <\/span><span class=\"_fadeIn_m1hgl_8\">emblem\u00e1tica <\/span><strong data-start=\"763\" data-end=\"782\"><span class=\"_fadeIn_m1hgl_8\">Bandera <\/span><span class=\"_fadeIn_m1hgl_8\">Gadsden<\/span><\/strong><span class=\"_fadeIn_m1hgl_8\">, <\/span><span class=\"_fadeIn_m1hgl_8\">reconocida <\/span><span class=\"_fadeIn_m1hgl_8\">mundialmente <\/span><span class=\"_fadeIn_m1hgl_8\">por <\/span><span class=\"_fadeIn_m1hgl_8\">su <\/span><span class=\"_fadeIn_m1hgl_8\">poderoso <\/span><span class=\"_fadeIn_m1hgl_8\">mensaje: <\/span><strong data-start=\"833\" data-end=\"856\"><span class=\"_fadeIn_m1hgl_8\">\u201c<\/span><span class=\"_fadeIn_m1hgl_8\">Don\u2019t <\/span><span class=\"_fadeIn_m1hgl_8\">tread <\/span><span class=\"_fadeIn_m1hgl_8\">on <\/span><span class=\"_fadeIn_m1hgl_8\">me\u201d<\/span><\/strong><span class=\"_fadeIn_m1hgl_8\"> (\u201c<\/span><span class=\"_fadeIn_m1hgl_8\">No <\/span><span class=\"_fadeIn_m1hgl_8\">me <\/span><span class=\"_fadeIn_m1hgl_8\">pises\u201d). <\/span><span class=\"_fadeIn_m1hgl_8\">Esta <\/span><span class=\"_fadeIn_m1hgl_8\">bandera, <\/span><span class=\"_fadeIn_m1hgl_8\">adoptada <\/span><span class=\"_fadeIn_m1hgl_8\">por <\/span><span class=\"_fadeIn_m1hgl_8\">movimientos <\/span><span class=\"_fadeIn_m1hgl_8\">libertarios, <\/span><span class=\"_fadeIn_m1hgl_8\">liberales <\/span><span class=\"_fadeIn_m1hgl_8\">cl\u00e1sicos <\/span><span class=\"_fadeIn_m1hgl_8\">y <\/span><span class=\"_fadeIn_m1hgl_8\">defensores <\/span><span class=\"_fadeIn_m1hgl_8\">del <\/span><span class=\"_fadeIn_m1hgl_8\">libre <\/span><span class=\"_fadeIn_m1hgl_8\">mercado, <\/span><span class=\"_fadeIn_m1hgl_8\">representa <\/span><span class=\"_fadeIn_m1hgl_8\">la <\/span><span class=\"_fadeIn_m1hgl_8\">resistencia <\/span><span class=\"_fadeIn_m1hgl_8\">al <\/span><span class=\"_fadeIn_m1hgl_8\">poder <\/span><span class=\"_fadeIn_m1hgl_8\">estatal <\/span><span class=\"_fadeIn_m1hgl_8\">y <\/span><span class=\"_fadeIn_m1hgl_8\">la <\/span><span class=\"_fadeIn_m1hgl_8\">defensa <\/span><span class=\"_fadeIn_m1hgl_8\">de <\/span><span class=\"_fadeIn_m1hgl_8\">los <\/span><span class=\"_fadeIn_m1hgl_8\">derechos <\/span><span class=\"_fadeIn_m1hgl_8\">individuales.<\/span><\/p>\n<p data-start=\"1064\" data-end=\"1271\"><span class=\"_fadeIn_m1hgl_8\">Fabricada <\/span><span class=\"_fadeIn_m1hgl_8\">en <\/span><span class=\"_fadeIn_m1hgl_8\">poli\u00e9ster <\/span><span class=\"_fadeIn_m1hgl_8\">de <\/span><span class=\"_fadeIn_m1hgl_8\">alta <\/span><span class=\"_fadeIn_m1hgl_8\">calidad, <\/span><span class=\"_fadeIn_m1hgl_8\">resistente <\/span><span class=\"_fadeIn_m1hgl_8\">al <\/span><span class=\"_fadeIn_m1hgl_8\">viento <\/span><span class=\"_fadeIn_m1hgl_8\">y <\/span><span class=\"_fadeIn_m1hgl_8\">al <\/span><span class=\"_fadeIn_m1hgl_8\">sol, <\/span><span class=\"_fadeIn_m1hgl_8\">esta <\/span><span class=\"_fadeIn_m1hgl_8\">bandera <\/span><span class=\"_fadeIn_m1hgl_8\">es <\/span><span class=\"_fadeIn_m1hgl_8\">ideal <\/span><span class=\"_fadeIn_m1hgl_8\">para <\/span><span class=\"_fadeIn_m1hgl_8\">colgar <\/span><span class=\"_fadeIn_m1hgl_8\">en <\/span><span class=\"_fadeIn_m1hgl_8\">balcones, <\/span><span class=\"_fadeIn_m1hgl_8\">usar <\/span><span class=\"_fadeIn_m1hgl_8\">en <\/span><span class=\"_fadeIn_m1hgl_8\">eventos <\/span><span class=\"_fadeIn_m1hgl_8\">o <\/span><span class=\"_fadeIn_m1hgl_8\">decorar <\/span><span class=\"_fadeIn_m1hgl_8\">tu <\/span><span class=\"_fadeIn_m1hgl_8\">espacio <\/span><span class=\"_fadeIn_m1hgl_8\">con <\/span><span class=\"_fadeIn_m1hgl_8\">un <\/span><span class=\"_fadeIn_m1hgl_8\">mensaje <\/span><span class=\"_fadeIn_m1hgl_8\">claro: <\/span><strong data-start=\"1241\" data-end=\"1270\"><span class=\"_fadeIn_m1hgl_8\">la <\/span><span class=\"_fadeIn_m1hgl_8\">libertad <\/span><span class=\"_fadeIn_m1hgl_8\">no <\/span><span class=\"_fadeIn_m1hgl_8\">se <\/span><span class=\"_fadeIn_m1hgl_8\">negocia<\/span><\/strong><span class=\"_fadeIn_m1hgl_8\">.<\/span><\/p>\n<h4 data-start=\"1273\" data-end=\"1296\"><span class=\"_fadeIn_m1hgl_8\">\u2726 <\/span><span class=\"_fadeIn_m1hgl_8\">Caracter\u00edsticas:<\/span><\/h4>\n<ul data-start=\"1297\" data-end=\"1468\">\n<li data-start=\"1297\" data-end=\"1318\">\n<p data-start=\"1299\" data-end=\"1318\"><span class=\"_fadeIn_m1hgl_8\">Tama\u00f1o: 150 <\/span><span class=\"_fadeIn_m1hgl_8\">x 90 <\/span><span class=\"_fadeIn_m1hgl_8\">cm<\/span><\/p>\n<\/li>\n<li data-start=\"1319\" data-end=\"1351\">\n<p data-start=\"1321\" data-end=\"1351\"><span class=\"_fadeIn_m1hgl_8\">Material: <\/span><span class=\"_fadeIn_m1hgl_8\">Poli\u00e9ster <\/span><span class=\"_fadeIn_m1hgl_8\">resistente<\/span><\/p>\n<\/li>\n<li data-start=\"1352\" data-end=\"1404\">\n<p data-start=\"1354\" data-end=\"1404\"><span class=\"_fadeIn_m1hgl_8\">Dise\u00f1o: <\/span><span class=\"_fadeIn_m1hgl_8\">Serpiente <\/span><span class=\"_fadeIn_m1hgl_8\">de <\/span><span class=\"_fadeIn_m1hgl_8\">cascabel <\/span><span class=\"_fadeIn_m1hgl_8\">sobre <\/span><span class=\"_fadeIn_m1hgl_8\">fondo <\/span><span class=\"_fadeIn_m1hgl_8\">amarillo<\/span><\/p>\n<\/li>\n<li data-start=\"1405\" data-end=\"1468\">\n<p data-start=\"1407\" data-end=\"1468\"><span class=\"_fadeIn_m1hgl_8\">Ideal <\/span><span class=\"_fadeIn_m1hgl_8\">para <\/span><span class=\"_fadeIn_m1hgl_8\">libertarios, <\/span><span class=\"_fadeIn_m1hgl_8\">objetivistas <\/span><span class=\"_fadeIn_m1hgl_8\">y <\/span><span class=\"_fadeIn_m1hgl_8\">amantes <\/span><span class=\"_fadeIn_m1hgl_8\">de <\/span><span class=\"_fadeIn_m1hgl_8\">la <\/span><span class=\"_fadeIn_m1hgl_8\">historia<\/span><\/p>\n<\/li>\n<\/ul>\n<p data-start=\"1470\" data-end=\"1565\"><strong data-start=\"1470\" data-end=\"1515\"><span class=\"_fadeIn_m1hgl_8\">Compra <\/span><span class=\"_fadeIn_m1hgl_8\">ahora <\/span><span class=\"_fadeIn_m1hgl_8\">tu <\/span><span class=\"_fadeIn_m1hgl_8\">Bandera <\/span><span class=\"_fadeIn_m1hgl_8\">Gadsden <\/span><span class=\"_fadeIn_m1hgl_8\">en <\/span><span class=\"_fadeIn_m1hgl_8\">Espa\u00f1a<\/span><\/strong> <span class=\"_fadeIn_m1hgl_8\">y <\/span><span class=\"_fadeIn_m1hgl_8\">\u00fanete <\/span><span class=\"_fadeIn_m1hgl_8\">al <\/span><span class=\"_fadeIn_m1hgl_8\">movimiento <\/span><span class=\"_fadeIn_m1hgl_8\">por <\/span><span class=\"_fadeIn_m1hgl_8\">una <\/span><span class=\"_fadeIn_m1hgl_8\">sociedad <\/span><span class=\"_fadeIn_m1hgl_8\">m\u00e1s <\/span><span class=\"_fadeIn_m1hgl_8\">libre.<\/span><\/p>\n","protected":false},"excerpt":{"rendered":"<p><span class=\"_fadeIn_m1hgl_8\">La <\/span><span class=\"_fadeIn_m1hgl_8\">bandera <\/span><span class=\"_fadeIn_m1hgl_8\">Gadsden <\/span><span class=\"_fadeIn_m1hgl_8\">original, <\/span><span class=\"_fadeIn_m1hgl_8\">s\u00edmbolo <\/span><span class=\"_fadeIn_m1hgl_8\">hist\u00f3rico <\/span><span class=\"_fadeIn_m1hgl_8\">del <\/span><span class=\"_fadeIn_m1hgl_8\">esp\u00edritu <\/span><span class=\"_fadeIn_m1hgl_8\">libertario. <\/span><span class=\"_fadeIn_m1hgl_8\">Perfecta <\/span><span class=\"_fadeIn_m1hgl_8\">para <\/span><span class=\"_fadeIn_m1hgl_8\">colgar <\/span><span class=\"_fadeIn_m1hgl_8\">en <\/span><span class=\"_fadeIn_m1hgl_8\">casa, <\/span><span class=\"_fadeIn_m1hgl_8\">eventos <\/span><span class=\"_fadeIn_m1hgl_8\">o <\/span><span class=\"_fadeIn_m1hgl_8\">manifestaciones. \u00a1<\/span><span class=\"_fadeIn_m1hgl_8\">No <\/span><span class=\"_fadeIn_m1hgl_8\">me <\/span><span class=\"_fadeIn_m1hgl_8\">pises!<\/span><\/p>\n","protected":false},"featured_media":36,"comment_status":"open","ping_status":"closed","template":"","meta":{"_joinchat":[]},"product_brand":[],"product_cat":[16],"product_tag":[],"class_list":{"0":"post-111","1":"product","2":"type-product","3":"status-publish","4":"has-post-thumbnail","6":"product_cat-uncategorized","8":"first","9":"instock","10":"sale","11":"taxable","12":"shipping-taxable","13":"purchasable","14":"product-type-simple"},"yoast_head":"<!-- This site is optimized with the Yoast SEO plugin v24.5 - https:\/\/yoast.com\/wordpress\/plugins\/seo\/ -->\n<title>Bandera Gadsden - BeLibertarian<\/title>\n<meta name=\"description\" content=\"Compra la aut\u00e9ntica Bandera Gadsden en Espa\u00f1a. Un s\u00edmbolo de libertad e independencia para verdaderos defensores del individualismo.\" \/>\n<meta name=\"robots\" content=\"index, follow, max-snippet:-1, max-image-preview:large, max-video-preview:-1\" \/>\n<link rel=\"canonical\" href=\"https:\/\/belibertarian.com\/?product=bandera-gadsden\" \/>\n<meta property=\"og:locale\" content=\"es_ES\" \/>\n<meta property=\"og:type\" content=\"article\" \/>\n<meta property=\"og:title\" content=\"Bandera Gadsden - BeLibertarian\" \/>\n<meta property=\"og:description\" content=\"Compra la aut\u00e9ntica Bandera Gadsden en Espa\u00f1a. Un s\u00edmbolo de libertad e independencia para verdaderos defensores del individualismo.\" \/>\n<meta property=\"og:url\" content=\"https:\/\/belibertarian.com\/?product=bandera-gadsden\" \/>\n<meta property=\"og:site_name\" content=\"BeLibertarian\" \/>\n<meta property=\"article:modified_time\" content=\"2026-03-15T18:48:54+00:00\" \/>\n<meta property=\"og:image\" content=\"https:\/\/belibertarian.com\/wp-content\/uploads\/2024\/06\/Gadsden_flag.png\" \/>\n\t<meta property=\"og:image:width\" content=\"1920\" \/>\n\t<meta property=\"og:image:height\" content=\"1280\" \/>\n\t<meta property=\"og:image:type\" content=\"image\/png\" \/>\n<meta name=\"twitter:card\" content=\"summary_large_image\" \/>\n<meta name=\"twitter:label1\" content=\"Tiempo de lectura\" \/>\n\t<meta name=\"twitter:data1\" content=\"1 minuto\" \/>\n<script type=\"application\/ld+json\" class=\"yoast-schema-graph\">{\"@context\":\"https:\/\/schema.org\",\"@graph\":[{\"@type\":\"WebPage\",\"@id\":\"https:\/\/belibertarian.com\/?product=bandera-gadsden\",\"url\":\"https:\/\/belibertarian.com\/?product=bandera-gadsden\",\"name\":\"Bandera Gadsden - BeLibertarian\",\"isPartOf\":{\"@id\":\"https:\/\/belibertarian.com\/#website\"},\"primaryImageOfPage\":{\"@id\":\"https:\/\/belibertarian.com\/?product=bandera-gadsden#primaryimage\"},\"image\":{\"@id\":\"https:\/\/belibertarian.com\/?product=bandera-gadsden#primaryimage\"},\"thumbnailUrl\":\"https:\/\/belibertarian.com\/wp-content\/uploads\/2024\/06\/Gadsden_flag.png\",\"datePublished\":\"2024-08-24T16:06:14+00:00\",\"dateModified\":\"2026-03-15T18:48:54+00:00\",\"description\":\"Compra la aut\u00e9ntica Bandera Gadsden en Espa\u00f1a. Un s\u00edmbolo de libertad e independencia para verdaderos defensores del individualismo.\",\"breadcrumb\":{\"@id\":\"https:\/\/belibertarian.com\/?product=bandera-gadsden#breadcrumb\"},\"inLanguage\":\"es\",\"potentialAction\":[{\"@type\":\"ReadAction\",\"target\":[\"https:\/\/belibertarian.com\/?product=bandera-gadsden\"]}]},{\"@type\":\"ImageObject\",\"inLanguage\":\"es\",\"@id\":\"https:\/\/belibertarian.com\/?product=bandera-gadsden#primaryimage\",\"url\":\"https:\/\/belibertarian.com\/wp-content\/uploads\/2024\/06\/Gadsden_flag.png\",\"contentUrl\":\"https:\/\/belibertarian.com\/wp-content\/uploads\/2024\/06\/Gadsden_flag.png\",\"width\":1920,\"height\":1280},{\"@type\":\"BreadcrumbList\",\"@id\":\"https:\/\/belibertarian.com\/?product=bandera-gadsden#breadcrumb\",\"itemListElement\":[{\"@type\":\"ListItem\",\"position\":1,\"name\":\"Portada\",\"item\":\"https:\/\/belibertarian.com\/\"},{\"@type\":\"ListItem\",\"position\":2,\"name\":\"PRODUCTOS\",\"item\":\"https:\/\/belibertarian.com\/?page_id=58\"},{\"@type\":\"ListItem\",\"position\":3,\"name\":\"Bandera Gadsden\"}]},{\"@type\":\"WebSite\",\"@id\":\"https:\/\/belibertarian.com\/#website\",\"url\":\"https:\/\/belibertarian.com\/\",\"name\":\"BeLibertarian\",\"description\":\"Tienda Libertaria\",\"publisher\":{\"@id\":\"https:\/\/belibertarian.com\/#organization\"},\"potentialAction\":[{\"@type\":\"SearchAction\",\"target\":{\"@type\":\"EntryPoint\",\"urlTemplate\":\"https:\/\/belibertarian.com\/?s={search_term_string}\"},\"query-input\":{\"@type\":\"PropertyValueSpecification\",\"valueRequired\":true,\"valueName\":\"search_term_string\"}}],\"inLanguage\":\"es\"},{\"@type\":\"Organization\",\"@id\":\"https:\/\/belibertarian.com\/#organization\",\"name\":\"BeLibertarian\",\"url\":\"https:\/\/belibertarian.com\/\",\"logo\":{\"@type\":\"ImageObject\",\"inLanguage\":\"es\",\"@id\":\"https:\/\/belibertarian.com\/#\/schema\/logo\/image\/\",\"url\":\"https:\/\/belibertarian.com\/wp-content\/uploads\/2024\/07\/cropped-belibertarian-1.png\",\"contentUrl\":\"https:\/\/belibertarian.com\/wp-content\/uploads\/2024\/07\/cropped-belibertarian-1.png\",\"width\":1079,\"height\":1402,\"caption\":\"BeLibertarian\"},\"image\":{\"@id\":\"https:\/\/belibertarian.com\/#\/schema\/logo\/image\/\"}}]}<\/script>\n<!-- \/ Yoast SEO plugin. -->","yoast_head_json":{"title":"Bandera Gadsden - BeLibertarian","description":"Compra la aut\u00e9ntica Bandera Gadsden en Espa\u00f1a. Un s\u00edmbolo de libertad e independencia para verdaderos defensores del individualismo.","robots":{"index":"index","follow":"follow","max-snippet":"max-snippet:-1","max-image-preview":"max-image-preview:large","max-video-preview":"max-video-preview:-1"},"canonical":"https:\/\/belibertarian.com\/?product=bandera-gadsden","og_locale":"es_ES","og_type":"article","og_title":"Bandera Gadsden - BeLibertarian","og_description":"Compra la aut\u00e9ntica Bandera Gadsden en Espa\u00f1a. Un s\u00edmbolo de libertad e independencia para verdaderos defensores del individualismo.","og_url":"https:\/\/belibertarian.com\/?product=bandera-gadsden","og_site_name":"BeLibertarian","article_modified_time":"2026-03-15T18:48:54+00:00","og_image":[{"width":1920,"height":1280,"url":"https:\/\/belibertarian.com\/wp-content\/uploads\/2024\/06\/Gadsden_flag.png","type":"image\/png"}],"twitter_card":"summary_large_image","twitter_misc":{"Tiempo de lectura":"1 minuto"},"schema":{"@context":"https:\/\/schema.org","@graph":[{"@type":"WebPage","@id":"https:\/\/belibertarian.com\/?product=bandera-gadsden","url":"https:\/\/belibertarian.com\/?product=bandera-gadsden","name":"Bandera Gadsden - BeLibertarian","isPartOf":{"@id":"https:\/\/belibertarian.com\/#website"},"primaryImageOfPage":{"@id":"https:\/\/belibertarian.com\/?product=bandera-gadsden#primaryimage"},"image":{"@id":"https:\/\/belibertarian.com\/?product=bandera-gadsden#primaryimage"},"thumbnailUrl":"https:\/\/belibertarian.com\/wp-content\/uploads\/2024\/06\/Gadsden_flag.png","datePublished":"2024-08-24T16:06:14+00:00","dateModified":"2026-03-15T18:48:54+00:00","description":"Compra la aut\u00e9ntica Bandera Gadsden en Espa\u00f1a. Un s\u00edmbolo de libertad e independencia para verdaderos defensores del individualismo.","breadcrumb":{"@id":"https:\/\/belibertarian.com\/?product=bandera-gadsden#breadcrumb"},"inLanguage":"es","potentialAction":[{"@type":"ReadAction","target":["https:\/\/belibertarian.com\/?product=bandera-gadsden"]}]},{"@type":"ImageObject","inLanguage":"es","@id":"https:\/\/belibertarian.com\/?product=bandera-gadsden#primaryimage","url":"https:\/\/belibertarian.com\/wp-content\/uploads\/2024\/06\/Gadsden_flag.png","contentUrl":"https:\/\/belibertarian.com\/wp-content\/uploads\/2024\/06\/Gadsden_flag.png","width":1920,"height":1280},{"@type":"BreadcrumbList","@id":"https:\/\/belibertarian.com\/?product=bandera-gadsden#breadcrumb","itemListElement":[{"@type":"ListItem","position":1,"name":"Portada","item":"https:\/\/belibertarian.com\/"},{"@type":"ListItem","position":2,"name":"PRODUCTOS","item":"https:\/\/belibertarian.com\/?page_id=58"},{"@type":"ListItem","position":3,"name":"Bandera Gadsden"}]},{"@type":"WebSite","@id":"https:\/\/belibertarian.com\/#website","url":"https:\/\/belibertarian.com\/","name":"BeLibertarian","description":"Tienda Libertaria","publisher":{"@id":"https:\/\/belibertarian.com\/#organization"},"potentialAction":[{"@type":"SearchAction","target":{"@type":"EntryPoint","urlTemplate":"https:\/\/belibertarian.com\/?s={search_term_string}"},"query-input":{"@type":"PropertyValueSpecification","valueRequired":true,"valueName":"search_term_string"}}],"inLanguage":"es"},{"@type":"Organization","@id":"https:\/\/belibertarian.com\/#organization","name":"BeLibertarian","url":"https:\/\/belibertarian.com\/","logo":{"@type":"ImageObject","inLanguage":"es","@id":"https:\/\/belibertarian.com\/#\/schema\/logo\/image\/","url":"https:\/\/belibertarian.com\/wp-content\/uploads\/2024\/07\/cropped-belibertarian-1.png","contentUrl":"https:\/\/belibertarian.com\/wp-content\/uploads\/2024\/07\/cropped-belibertarian-1.png","width":1079,"height":1402,"caption":"BeLibertarian"},"image":{"@id":"https:\/\/belibertarian.com\/#\/schema\/logo\/image\/"}}]}},"jetpack_sharing_enabled":true,"_links":{"self":[{"href":"https:\/\/belibertarian.com\/index.php?rest_route=\/wp\/v2\/product\/111","targetHints":{"allow":["GET"]}}],"collection":[{"href":"https:\/\/belibertarian.com\/index.php?rest_route=\/wp\/v2\/product"}],"about":[{"href":"https:\/\/belibertarian.com\/index.php?rest_route=\/wp\/v2\/types\/product"}],"replies":[{"embeddable":true,"href":"https:\/\/belibertarian.com\/index.php?rest_route=%2Fwp%2Fv2%2Fcomments&post=111"}],"wp:featuredmedia":[{"embeddable":true,"href":"https:\/\/belibertarian.com\/index.php?rest_route=\/wp\/v2\/media\/36"}],"wp:attachment":[{"href":"https:\/\/belibertarian.com\/index.php?rest_route=%2Fwp%2Fv2%2Fmedia&parent=111"}],"wp:term":[{"taxonomy":"product_brand","embeddable":true,"href":"https:\/\/belibertarian.com\/index.php?rest_route=%2Fwp%2Fv2%2Fproduct_brand&post=111"},{"taxonomy":"product_cat","embeddable":true,"href":"https:\/\/belibertarian.com\/index.php?rest_route=%2Fwp%2Fv2%2Fproduct_cat&post=111"},{"taxonomy":"product_tag","embeddable":true,"href":"https:\/\/belibertarian.com\/index.php?rest_route=%2Fwp%2Fv2%2Fproduct_tag&post=111"}],"curies":[{"name":"wp","href":"https:\/\/api.w.org\/{rel}","templated":true}]}}